+ 9*j + 18. Calculate h(2).
12
Let l(h) = -311*h - 28335. Calculate l(-90).
-345
Let h(w) = w**2 - 1604*w - 45256. Calculate h(-28).
440
Let t(h) = -h**3 + 26*h**2 - 8*h - 236. Determine t(20).
2004
Let a(t) = -2114*t + 484128. Determine a(229).
22
Let i(z) = 10*z**3 - 1519*z**2 - 179*z + 4098. Give i(152).
-6
Let o(z) = -65332*z - 718652. Determine o(-11).
0
Let h(m) = 767*m + 34640. Determine h(-45).
125
Let m(n) = -139208*n + 3062551. Calculate m(22).
-25
Let y(s) = 9*s**2 + 3017*s - 18059. Calculate y(6).
367
Let p(x) = 492*x**2 - 928*x + 3. Give p(2).
115
Let z(x) = -x**3 - 72*x**2 + 79*x - 5078. What is z(-74)?
28
Let r(m) = 925582*m - 925587. Give r(1).
-5
Let r(x) = -x**3 - 5*x**2 - 66*x - 250. Give r(-5).
80
Let c(s) = s**2 - 647511*s + 20719350. Determine c(32).
22
Let z(c) = -1025*c - 473428. Determine z(-462).
122
Let b(v) = v**2 - 1126*v + 266359. Calculate b(338).
15
Let l(h) = 38*h**3 + 1217*h**2 + 133*h + 3237. Give l(-32).
5
Let h(o) = o**3 + 19*o**2 + 116*o + 46. Give h(-13).
-448
Let l(z) = z**2 - 135*z - 4805. Determine l(163).
-241
Let v(d) = -124*d - 2179. Calculate v(-41).
2905
Let h(l) = 5*l**2 + 2*l - 773. Give h(11).
-146
Let i(l) = 2*l**3 + 325*l**2 + 154*l - 1746. Determine i(-162).
-450
Let b(d) = -d**3 - 345*d**2 + 1856*d + 37093. Calculate b(-350).
-7
Let l(s) = 23*s**3 - 2*s**2 - 4*s - 16. Calculate l(-3).
-643
Let u(k) = 1228*k**2 - 1824*k - 3050. Give u(-1).
2
Let v(k) = -k**3 + 32*k**2 + 110*k - 13. Give v(-3).
-28
Let z(k) = -11576*k - 115729. Give z(-10).
31
Let f(z) = z**2 + 50*z + 1633. What is f(-41)?
1264
Let d(a) = -a**3 - 103*a**2 + 66*a + 17185. What is d(-102)?
49
Let k(o) = 2*o**2 - 291878*o - 875648. Give k(-3).
4
Let g(m) = -2*m**3 - 86*m**2 - 99*m - 645. Calculate g(-42).
-15
Let x(w) = -1911*w - 17346. Determine x(-9).
-147
Let o(r) = -6213*r + 677219. Calculate o(109).
2
Let h(d) = 3963*d + 12621. Give h(-4).
-3231
Let l(n) = -48159*n + 481583. What is l(10)?
-7
Let z(x) = -634936*x - 4444547. What is z(-7)?
5
Let k(i) = -15467*i + 25853. What is k(2)?
-5081
Let u(t) = 3*t**3 - 17*t**2 + 224*t - 89. Give u(5).
981
Let z(w) = -57*w**2 - 576*w + 3211. What is z(4)?
-5
Let v(f) = -2*f**3 + 52*f**2 + 3*f + 98. Determine v(26).
176
Let d(v) = v**2 + 100*v + 2259. Calculate d(-61).
-120
Let u(z) = -30*z**3 + 4*z**2 + 15*z - 33. Determine u(2).
-227
Let f(y) = -596*y - 65570. Calculate f(-110).
-10
Let w(x) = -x**2 - 740*x - 10849. Determine w(-15).
26
Let s(p) = 1864*p - 14688. Give s(8).
224
Let m(a) = 17*a**3 - 240*a**2 + 33*a - 40. Determine m(14).
30
Let j(v) = 2*v**3 - 114*v**2 + 167*v - 2694. Give j(56).
386
Let a(r) = 345*r**2 - 6200*r - 181. What is a(18)?
-1
Let a(v) = -172*v + 547. Determine a(8).
-829
Let v(r) = -4*r**3 - 154*r**2 + 53*r - 60. Calculate v(-39).
915
Let x(i) = 335*i - 193969. Calculate x(579).
-4
Let q(c) = 23614*c - 28407639. Determine q(1203).
3
Let t(s) = 20*s**3 + 3319*s**2 - 128*s + 6278. Give t(-166).
-30
Let u(q) = -394*q + 5095. What is u(16)?
-1209
Let n(s) = -5*s**2 - 26*s + 704. Determine n(21).
-2047
Let v(s) = 1519*s + 3701. Determine v(-2).
663
Let n(p) = 4*p**2 - 5865*p + 35035. What is n(6)?
-11
Let c(t) = 1673*t + 43490. What is c(-26)?
-8
Let l(i) = -2019*i + 31575. Determine l(15).
1290
Let h(n) = -123*n**2 + 3348*n + 10034. Calculate h(-3).
-1117
Let a(z) = -103*z**3 - 1333*z + 1334. Give a(1).
-102
Let g(c) = 26864*c + 10826209. Determine g(-403).
17
Let r(h) = h**2 - 1423*h - 15786. Give r(-11).
-12
Let n(q) = q**2 - 962*q - 96945. Give n(-92).
23
Let p(q) = 13061*q - 104545. What is p(8)?
-57
Let x(o) = -2*o**3 + 20*o**2 - 50*o + 118. Give x(6).
106
Let o(z) = -116*z**2 - 216*z - 1043. Calculate o(-5).
-2863
Let p(i) = 408*i**2 - 378*i + 387. Determine p(1).
417
Let q(l) = -5*l**3 - 105*l**2 - 4614*l - 96889. Give q(-21).
5
Let l(j) = 2321*j + 211164. Calculate l(-91).
-47
Let x(j) = -714*j + 894. Give x(3).
-1248
Let i(u) = 2*u**3 - 252*u**2 + 6130*u + 741. Calculate i(93).
-3
Let z(i) = i**2 - 148*i + 2404. Calculate z(20).
-156
Let g(t) = 571*t + 62877. Calculate g(-110).
67
Let r(h) = -1327*h**3 - 10*h**2 + 28*h - 28. Give r(1).
-1337
Let x(j) = 1400*j**2 + 49*j - 59. Give x(1).
1390
Let y(f) = -f**3 - 10*f**2 + 842*f - 1110. Calculate y(-35).
45
Let f(y) = 4519*y + 17691. Give f(-4).
-385
Let t(q) = 2778*q + 99913. Calculate t(-36).
-95
Let h(o) = 22170*o + 133024. Give h(-6).
4
Let c(v) = 6235*v + 249394. Determine c(-40).
-6
Let z(l) = 5*l**2 + 94*l - 2127. Calculate z(-32).
-15
Let z(c) = -c**3 + 159*c**2 + 156*c + 53490. Determine z(162).
30
Let b(z) = 237811*z + 2140305. Give b(-9).
6
Let u(j) = 9*j**2 - 6379*j - 12773. Calculate u(-2).
21
Let q(j) = 1279322*j + 2558653. What is q(-2)?
9
Let c(h) = 26089*h + 338884. Give c(-13).
-273
Let j(q) = -6810*q + 6748. Give j(1).
-62
Let h(o) = 275523*o + 6337024. Determine h(-23).
-5
Let q(p) = -8475*p - 711892. What is q(-84)?
8
Let q(w) = 521*w - 148932. Give q(286).
74
Let z(s) = 15*s**2 + 125*s - 81. What is z(-9)?
9
Let g(k) = -k**3 + 6*k**2 + 237*k - 1507. Determine g(6).
-85
Let g(i) = -4*i**3 + 89*i**2 - 273*i - 577. Determine g(18).
17
Let z(u) = 5411*u + 32477. Give z(-6).
11
Let t(p) = -2*p**3 - 61*p**2 + 69*p + 1160. Calculate t(-31).
-18
Let q(h) = 3*h**3 - 20*h**2 - 23*h + 342. Calculate q(7).
230
Let f(z) = -46*z**2 + 8154*z - 18211. What is f(175)?
-11
Let v(g) = 13*g**3 - 168*g**2 - 31*g + 245. Give v(13).
11
Let l(w) = w**3 - 9*w**2 - 1262*w + 12475. What is l(10)?
-45
Let u(a) = -4291*a - 4120. Determine u(-1).
171
Let i(m) = -2*m**2 - 360*m - 11628. Calculate i(-42).
-36
Let f(m) = 2696*m + 21441. What is f(-8)?
-127
Let g(k) = -2*k**3 + 106*k**2 - 297*k + 4843. Calculate g(51).
100
Let p(s) = -5471*s + 202454. Give p(37).
27
Let b(g) = g**3 - 55*g**2 - 219*g + 3462. Determine b(58).
852
Let y(j) = -j**3 - 250*j**2 + 2596*j + 200. Calculate y(-260).
1240
Let i(f) = -56*f**2 + 119*f + 351. Calculate i(5).
-454
Let h(l) = -18906*l - 586096. Give h(-31).
-10
Let z(m) = -m**3 - 93*m**2 - 1150*m - 3554. Calculate z(-5).
-4
Let j(p) = 8*p**2 - 1947*p - 7901. Determine j(-4).
15
Let x(f) = -744*f + 13839. Determine x(19).
-297
Let d(p) = p**3 - 16*p**2 - 17*p - 69. Determine d(15).
-549
Let u(z) = 7*z**2 + 231*z + 287. Calculate u(-31).
-147
Let f(l) = l**3 + 123*l**2 + 3404*l + 164. Determine f(-42).
80
Let z(s) = -2662*s + 1139249. What is z(428)?
-87
Let p(z) = -24*z**3 + 340*z**2 - z - 756. Give p(14).
14
Let u(b) = -26977*b - 242850. Give u(-9).
-57
Let z(v) = -22*v**2 - 66*v - 492. Give z(-8).
-1372
Let i(z) = -z**2 + 958*z - 20687. Give i(22).
-95
Let q(o) = 9*o**2 + 2770*o + 13861. Give q(-5).
236
Let h(y) = 9*y**3 - 322*y**2 - 27*y - 198. What is h(36)?
1422
Let j(h) = 16582*h + 82900. What is j(-5)?
-10
Let z(y) = y**3 + 231*y**2 - 7344*y - 23833. Give z(-259).
-5
Let y(t) = 8960*t - 2132484. Give y(238).
-4
Let l(y) = -2*y**3 - 238*y**2 - 724*y - 57610. Give l(-118).
-26
Let d(q) = -q**3 + 187*q**2 - 955*q + 144113. Determine d(186).
1079
Let y(n) = -36618*n - 549318. Determine y(-15).
-48
Let x(a) = 7*a**2 + 1194*a - 1404. What is x(-171)?
-891
Let f(n) = -n**3 + 29*n**2 - 66*n + 224. Calculate f(7).
840
Let u(j) = -j**3 - 19*j**2 - 63*j - 492. Calculate u(-17).
1
Let q(b) = 30708*b + 30702. Calculate q(-1).
-6
Let k(b) = b**3 - 55*b**2 + 204*b - 54. Calculate k(51).
-54
Let x(a) = -2*a**3 + 17*a**2 - 162*a + 2300. Calculate x(12).
-652
Let d(h) = h**3 - 35*h**2 + 276*h - 45. Calculate d(12).
-45
Let d(k) = 8106*k + 40521. Calculate d(-5).
-9
Let l(i) = -1252019*i - 12520188. Determine l(-10).
2
Let z(u) = u**3 - 870*u**2 - 13060*u + 3228. Give z(-15).
3
Let z(m) = m**2 + 929*m + 16403. Calculate z(-911).
5
Let a(w) = 55*w**3 + 27*w**2 - 49*w + 14. What is a(4)?
3770
Let x(n) = -19*n**3 + 130*n**2 + 285*n + 6. Determine x(-2).
108
Let g(j) = -70556*j - 705621. Calculate g(-10).
-61
Let y(g) = 62*g**3 - 123*g**2 + 2722*g - 5451. What is y(2)?
-3
Let h(b) = 2*b**3 - 357*b**2 - 2785*b + 108. Calculate h(186).
1038
Let l(q) = -69054*q + 345268. What is l(5)?
-2
Let s(a) = -2*a**3 + 391*a**2 + 438*a + 30145. Determine s(197).
4
Let n(q) = 7791*q - 116856. Give n(15).
9
Let p(q) = -57*q + 5366. What is p(92)?
122
Let p(m) = -31*m**3 - 1865*m**2 - 300*m - 160. Determine p(-60